0
What is the highest common divisor of 9500 and 1292?
76
What is the greatest common divisor of 273 and 452985?
39
Calculate the greatest common factor of 1149774 and 852.
426
Calculate the greatest common factor of 171210 and 14820.
390
Calculate the greatest common divisor of 5400 and 41904.
216
What is the greatest common divisor of 1422 and 2724789?
237
Calculate the highest common factor of 644310 and 54.
18
What is the greatest common factor of 1253 and 39738?
179
What is the highest common factor of 263 and 62857?
263
What is the highest common factor of 22406 and 153?
17
What is the greatest common factor of 9508399 and 709?
709
What is the highest common divisor of 35 and 252?
7
What is the highest common factor of 44 and 693?
11
Calculate the highest common divisor of 840 and 87360.
840
What is the greatest common factor of 188180 and 270?
10
Calculate the greatest common factor of 42981 and 6.
3
Calculate the greatest common factor of 86485 and 1120.
35
What is the greatest common factor of 186 and 1674?
186
What is the greatest common factor of 4530840 and 255?
255
Calculate the greatest common divisor of 131085 and 675.
135
What is the greatest common factor of 407 and 319?
11
Calculate the highest common divisor of 5621 and 1456.
7
What is the greatest common divisor of 1454037 and 1196?
299
Calculate the highest common divisor of 147 and 113533.
49
What is the highest common divisor of 377988 and 416?
52
Calculate the highest common factor of 9404877 and 339.
339
What is the greatest common factor of 16336 and 304?
16
What is the greatest common factor of 10520 and 920?
40
Calculate the greatest common divisor of 708665 and 9485.
1355
What is the highest common divisor of 6413 and 6776?
121
What is the greatest common divisor of 312422 and 34857?
1291
Calculate the highest common divisor of 378008 and 8.
8
What is the greatest common factor of 3364 and 98397?
841
What is the highest common factor of 6 and 38238?
6
What is the highest common divisor of 643 and 4850149?
643
What is the highest common divisor of 71876 and 1309?
119
What is the highest common divisor of 2072 and 18389?
259
What is the greatest common factor of 4 and 18159?
1
Calculate the highest common divisor of 152587 and 159.
53
What is the highest common factor of 63 and 296793?
63
Calculate the greatest common divisor of 26 and 431782.
26
What is the highest common divisor of 15 and 5215065?
15
What is the greatest common factor of 86 and 303236?
86
Calculate the highest common factor of 4858 and 1568.
14
What is the highest common factor of 1600258 and 44?
22
What is the greatest common divisor of 408 and 14127?
51
Calculate the highest common factor of 1760 and 628760.
440
Calculate the highest common divisor of 617370 and 65.
65
Calculate the highest common divisor of 2599 and 76682.
23
Calculate the highest common factor of 2261 and 33269.
323
Calculate the highest common factor of 1147 and 7502.
31
What is the greatest common divisor of 4 and 40646?
2
What is the highest common factor of 3092919 and 3897?
1299
What is the highest common divisor of 21249 and 6291?
27
Calculate the highest common divisor of 67644 and 1836.
36
Calculate the highest common factor of 18 and 323190.
18
Calculate the highest common divisor of 620 and 2227660.
620
Calculate the highest common factor of 63 and 12066831.
63
Calculate the greatest common divisor of 7 and 68208.
7
Calculate the highest common factor of 162720 and 13920.
480
What is the highest common divisor of 720 and 2400?
240
What is the highest common factor of 3749 and 2771?
163
What is the highest common factor of 665 and 53998?
133
What is the greatest common factor of 1900 and 38912?
76
Calculate the greatest common divisor of 1160 and 760.
40
Calculate the highest common divisor of 675 and 17361.
27
What is the highest common divisor of 18207 and 41769?
1071
What is the highest common factor of 8942 and 11046?
526
What is the greatest common factor of 26 and 371618?
26
What is the highest common factor of 1797336 and 1413?
1413
What is the greatest common factor of 970931 and 65?
13
What is the highest common factor of 5636 and 556?
4
Calculate the greatest common divisor of 29500 and 40.
20
Calculate the greatest common factor of 30 and 813255.
15
What is the greatest common divisor of 640 and 10840?
40
Calculate the highest common divisor of 14 and 206101.
7
Calculate the greatest common divisor of 8 and 204427.
1
What is the highest common divisor of 1698 and 246?
6
Calculate the highest common divisor of 92 and 35098.
46
Calculate the highest common factor of 112 and 12495.
7
What is the highest common factor of 21230 and 1760?
110
What is the highest common factor of 1635 and 375?
15
Calculate the highest common divisor of 8415 and 18819.
153
What is the greatest common divisor of 50 and 8725?
25
Calculate the greatest common divisor of 227457 and 1592.
199
What is the greatest common factor of 266430 and 1284?
642
Calculate the greatest common factor of 430 and 645.
215
Calculate the highest common factor of 151170 and 90.
30
What is the highest common divisor of 29912 and 1448?
8
Calculate the highest common factor of 520 and 96070.
130
What is the highest common divisor of 1532 and 286867?
383
Calculate the greatest common factor of 11130 and 1802.
106
Calculate the highest common factor of 13743 and 36.
9
What is the greatest common factor of 315 and 4327785?
315
What is the greatest common divisor of 20651 and 2140?
107
Calculate the greatest common divisor of 6275689 and 469.
469
Calculate the greatest common factor of 482064 and 1056.
528
Calculate the highest common divisor of 153 and 335682.
153
Calculate the greatest common divisor of 275 and 33055.
55
What is the highest common divisor of 10449 and 5589?
243
Calculate the highest common factor of 18 and 24291.
9
What is the greatest common divisor of 2910 and 531948?
582
What is the highest common factor of 15 and 3996?
3
What is the greatest common divisor of 176 and 4103?
11
Calculate the highest common divisor of 20 and 10865.
5
Calculate the highest common divisor of 1325 and 16925.
25
What is the highest common factor of 7964 and 905?
181
What is the greatest common divisor of 1879192 and 1288?
1288
What is the greatest common divisor of 44696 and 16?
8
Calculate the highest common divisor of 272 and 89872.
16
What is the greatest common factor of 6300 and 1925?
175
What is the greatest common factor of 912 and 29982?
114
What is the highest common divisor of 1507208 and 8?
8
What is the highest common divisor of 2058 and 17031?
21
What is the highest common factor of 153458 and 14404?
554
Calculate the greatest common factor of 360150 and 1575.
525
Calculate the highest common divisor of 440 and 120780.
220
Calculate the highest common divisor of 3010 and 59850.
70
Calculate the highest common divisor of 54 and 7228764.
54
Calculate the greatest common divisor of 1793 and 44.
11
Calculate the greatest common divisor of 11680 and 520.
40
What is the highest common factor of 1365 and 576485?
455
Calculate the greatest common factor of 176806 and 2920.
146
Calculate the greatest common divisor of 2352428 and 494.
494
Calculate the greatest common divisor of 48 and 15027.
3
What is the highest common factor of 2755 and 36765?
95
Calculate the greatest common factor of 360814 and 446.
446
Calculate the highest common factor of 253499 and 530.
53
What is the greatest common factor of 437 and 1957?
19
Calculate the greatest common divisor of 22840 and 40.
40
What is the highest common factor of 287 and 33538?
41
Calculate the highest common divisor of 24 and 3237.
3
Calculate the greatest common factor of 101367 and 28.
7
Calculate the greatest common factor of 246 and 466908.
246
Calculate the highest common factor of 463372 and 273.
91
What is the highest common divisor of 97908 and 186?
6
Calculate the greatest common factor of 12485 and 660.
55
Calculate the greatest common divisor of 430692 and 228.
228
What is the greatest common divisor of 12430 and 36410?
110
Calculate the highest common factor of 605 and 1155.
55
Calculate the highest common divisor of 600 and 25780.
20
What is the highest common factor of 10064 and 106301?
629
